 {"id":6611,"date":"2021-07-23T10:54:00","date_gmt":"2021-07-23T13:54:00","guid":{"rendered":"https:\/\/cmsucupiradoriachao.ma.gov.br\/transparencia\/?page_id=6611"},"modified":"2022-03-21T11:58:27","modified_gmt":"2022-03-21T14:58:27","slug":"julgamento-das-contas-anuais","status":"publish","type":"page","link":"https:\/\/cmsucupiradoriachao.ma.gov.br\/transparencia\/julgamento-das-contas-anuais\/","title":{"rendered":"Julgamento das Contas Anuais"},"content":{"rendered":"<p>Acesse os Julgamento das Contas Anuais da C\u00e2mara Municipal &#8211; Divulga\u00e7\u00e3o dos atos que apreciam as Contas do Prefeito (Decreto) e o teor do julgamento (Ata ou Resumo da Sess\u00e3o da C\u00e2mara que aprovou ou rejeitou as contas)<\/p>\n","protected":false},"excerpt":{"rendered":"<p>Acesse os Julgamento das Contas Anuais da C\u00e2mara Municipal &#8211; Divulga\u00e7\u00e3o dos atos que apreciam as Contas do Prefeito (Decreto) e o teor do julgamento (Ata ou Resumo da Sess\u00e3o da C\u00e2mara que aprovou ou rejeitou as contas)<\/p>\n","protected":false},"author":10,"featured_media":6856,"parent":0,"menu_order":0,"comment_status":"closed","ping_status":"closed","template":"julgamentodascontas.php","meta":{"_acf_changed":false,"footnotes":""},"class_list":["post-6611","page","type-page","status-publish","has-post-thumbnail","hentry"],"acf":[],"_links":{"self":[{"href":"https:\/\/cmsucupiradoriachao.ma.gov.br\/transparencia\/wp-json\/wp\/v2\/pages\/6611","targetHints":{"allow":["GET"]}}],"collection":[{"href":"https:\/\/cmsucupiradoriachao.ma.gov.br\/transparencia\/wp-json\/wp\/v2\/pages"}],"about":[{"href":"https:\/\/cmsucupiradoriachao.ma.gov.br\/transparencia\/wp-json\/wp\/v2\/types\/page"}],"author":[{"embeddable":true,"href":"https:\/\/cmsucupiradoriachao.ma.gov.br\/transparencia\/wp-json\/wp\/v2\/users\/10"}],"replies":[{"embeddable":true,"href":"https:\/\/cmsucupiradoriachao.ma.gov.br\/transparencia\/wp-json\/wp\/v2\/comments?post=6611"}],"version-history":[{"count":3,"href":"https:\/\/cmsucupiradoriachao.ma.gov.br\/transparencia\/wp-json\/wp\/v2\/pages\/6611\/revisions"}],"predecessor-version":[{"id":8055,"href":"https:\/\/cmsucupiradoriachao.ma.gov.br\/transparencia\/wp-json\/wp\/v2\/pages\/6611\/revisions\/8055"}],"wp:featuredmedia":[{"embeddable":true,"href":"https:\/\/cmsucupiradoriachao.ma.gov.br\/transparencia\/wp-json\/wp\/v2\/media\/6856"}],"wp:attachment":[{"href":"https:\/\/cmsucupiradoriachao.ma.gov.br\/transparencia\/wp-json\/wp\/v2\/media?parent=6611"}],"curies":[{"name":"wp","href":"https:\/\/api.w.org\/{rel}","templated":true}]}}