 {"id":454,"date":"2017-05-31T19:20:58","date_gmt":"2017-05-31T19:20:58","guid":{"rendered":"http:\/\/cmsucupiradoriachao.ma.gov.br\/transparencia\/?page_id=454"},"modified":"2021-08-19T17:04:42","modified_gmt":"2021-08-19T20:04:42","slug":"resolucoes","status":"publish","type":"page","link":"https:\/\/cmsucupiradoriachao.ma.gov.br\/transparencia\/resolucoes\/","title":{"rendered":"Resolu\u00e7\u00f5es Legislativas"},"content":{"rendered":"<p>Acesse as Resolu\u00e7\u00f5es Legislativas da C\u00e2mara Municipal<\/p>\n","protected":false},"excerpt":{"rendered":"<p>Acesse as Resolu\u00e7\u00f5es Legislativas da C\u00e2mara Municipal<\/p>\n","protected":false},"author":10,"featured_media":6854,"parent":0,"menu_order":0,"comment_status":"closed","ping_status":"closed","template":"resolucoes.php","meta":{"_acf_changed":false,"footnotes":""},"class_list":["post-454","page","type-page","status-publish","has-post-thumbnail","hentry"],"acf":[],"_links":{"self":[{"href":"https:\/\/cmsucupiradoriachao.ma.gov.br\/transparencia\/wp-json\/wp\/v2\/pages\/454","targetHints":{"allow":["GET"]}}],"collection":[{"href":"https:\/\/cmsucupiradoriachao.ma.gov.br\/transparencia\/wp-json\/wp\/v2\/pages"}],"about":[{"href":"https:\/\/cmsucupiradoriachao.ma.gov.br\/transparencia\/wp-json\/wp\/v2\/types\/page"}],"author":[{"embeddable":true,"href":"https:\/\/cmsucupiradoriachao.ma.gov.br\/transparencia\/wp-json\/wp\/v2\/users\/10"}],"replies":[{"embeddable":true,"href":"https:\/\/cmsucupiradoriachao.ma.gov.br\/transparencia\/wp-json\/wp\/v2\/comments?post=454"}],"version-history":[{"count":2,"href":"https:\/\/cmsucupiradoriachao.ma.gov.br\/transparencia\/wp-json\/wp\/v2\/pages\/454\/revisions"}],"predecessor-version":[{"id":6855,"href":"https:\/\/cmsucupiradoriachao.ma.gov.br\/transparencia\/wp-json\/wp\/v2\/pages\/454\/revisions\/6855"}],"wp:featuredmedia":[{"embeddable":true,"href":"https:\/\/cmsucupiradoriachao.ma.gov.br\/transparencia\/wp-json\/wp\/v2\/media\/6854"}],"wp:attachment":[{"href":"https:\/\/cmsucupiradoriachao.ma.gov.br\/transparencia\/wp-json\/wp\/v2\/media?parent=454"}],"curies":[{"name":"wp","href":"https:\/\/api.w.org\/{rel}","templated":true}]}}